ose -4*c = -120 - f. What is the remainder when c is divided by 13?
11
Let m(t) = 9*t**2 - 1. What is the remainder when 21 is divided by m(1)?
5
Let j be 2 + -3 + 1 + 2. Suppose 4*k + 14 = -j, y = 3*k - 15. Let f = 52 + y. Calculate the remainder when f is divided by 13.
12
Suppose -6*d - 8*d + 686 = 0. Calculate the remainder when 241 is divided by d.
45
Let m be 5 - (-2 - -5)/3. Suppose m*q = p - 5, -q + 5*p = -2 + 27. Suppose 4*x + q*x - 32 = 0. What is the remainder when 21 is divided by x?
5
Suppose -1 - 14 = -3*h. Calculate the remainder when 11 is divided by h.
1
Calculate the remainder when ((-40)/8 + 1 + 5)*17 is divided by (-2 - -3*4)/1.
7
Let v be (2 - 3)/((-7)/14). Let t = 2 + -2. Suppose 58 = -t*s + v*s. What is the remainder when s is divided by 15?
14
Let i(p) be the first derivative of -p**2 - 4*p + 2. Let m(k) = -k**2 + 13*k + 3. What is the remainder when i(-7) is divided by m(13)?
1
Let g = 78 - 37. Suppose -111 + g = -5*w. Calculate the remainder when w is divided by 5.
4
Let h = -3 + 7. Suppose q = 2, 0 = h*m + m + 2*q - 24. Let j(r) = r**3 - 6*r**2 - 15*r - 2. Calculate the remainder when j(8) is divided by m.
2
Suppose -5*v - 20 = -5*x, -2*x + 4*v + 4 = -6. What is the remainder when 7 is divided by x?
1
Let d(n) = 7*n - 4. Let m(q) = 2*q - 15. Let p be m(10). Suppose 19 + p = 4*x. What is the remainder when d(3) is divided by x?
5
Suppose -g = 2*g - 27. Suppose 69 = 5*d - 16. Calculate the remainder when d is divided by g.
8
Suppose -3*j + 3*s + 5 = -1, j + 3*s - 14 = 0. Calculate the remainder when 14 + (2 - 4) + 1 is divided by j.
3
Let t be ((-1)/1)/(-1)*0. Let y = 3 + t. Let z(k) = -k**3 - 11*k**2 - k - 7. What is the remainder when z(-11) is divided by y?
1
Suppose 8 = -3*v + 4*v. Suppose -b = -v - 5. Calculate the remainder when 50 is divided by b.
11
Suppose -2*g = -5*j - 159, 3*g + j = 6*j + 246. What is the remainder when g is divided by 8?
7
Calculate the remainder when 129 is divided by 256/10 - (-24)/60.
25
Let y be 1*((2 - 0) + 1). Suppose -4*p = 5*j - 50 - 19, 0 = y*p - 3*j - 18. What is the remainder when p is divided by 6?
5
Let j = 58 + -39. Calculate the remainder when 68 is divided by j.
11
Suppose o - 6 = 3*m + 15, 31 = o - 5*m. Suppose 0 = 2*x + 2*x - 68. What is the remainder when x is divided by o?
5
Suppose -m + 9 + 1 = 0. Let v = 41 - 24. Calculate the remainder when v is divided by m.
7
Suppose 56 - 20 = 3*h. Calculate the remainder when h is divided by (-1*(-1)/(-1))/((-5)/25).
2
Suppose 4*w = -2*h + h + 16, 5*h = 2*w + 14. What is the remainder when 5 is divided by h?
1
Let v(c) = -15*c - 84. Let t = 42 + -25. Calculate the remainder when t is divided by v(-6).
5
Suppose 0*a - a + 28 = 3*z, 37 = 4*z + a. What is the remainder when 24 is divided by z?
6
Let w be 8/(-28) - (-88)/14. Suppose 1 = l - w. Suppose 5*f = -5*h + 2*h + 11, 4*f = 4*h + 28. Calculate the remainder when l is divided by f.
3
What is the remainder when 70 + 0 + 1 + 0 is divided by 18?
17
Suppose -110 = -5*o + 5*d, -o + 0 = 2*d - 16. Calculate the remainder when 1/(4/(-116))*-2 is divided by o.
18
Let w(c) = c + 4. Let m = -6 - -6. Let t be w(m). Suppose -t*j = -5*u + 135, 3*j - 31 = -3*u + u. Calculate the remainder when u is divided by 8.
7
Suppose -22 + 2 = -4*g. Suppose -g*n - 71 = -5*t - 11, 2*t + n = 30. Suppose -z - t = -2*z. Calculate the remainder when 41 is divided by z.
13
Let b = -49 - -80. Calculate the remainder when b is divided by 8.
7
Suppose -2*v + 21 = 3*p - 6, 4*p - 36 = 3*v. Let y = -157 + 173. Calculate the remainder when y is divided by p.
7
Let i(n) = -6*n - n**2 + 5*n**2 + 7 - 4*n**2 + n**2. Suppose 0 = 4*r - 7*r + 24. What is the remainder when i(8) is divided by r?
7
Suppose -1 + 5 = -f. Let y = f + 7. What is the remainder when y is divided by 2?
1
Suppose 3*r + 20 = -2*r. Let h = r - -2. Calculate the remainder when (-26)/h + 0/1 is divided by 5.
3
Let f(l) = -3*l**3 + 13*l**2 + 3*l - 9. What is the remainder when 49 is divided by f(4)?
11
Suppose v - h = -3*h + 30, -8 = 4*h. Suppose 2 = -2*r + v. What is the remainder when 29 is divided by r?
13
Let n be ((-3)/(-1))/((-1)/(-1)). Let z(i) = i**3 - 12*i**2 + 2. Let g be z(12). Suppose -n = g*r - 11. Calculate the remainder when r is divided by 3.
1
Let l(g) = -g**2 - g + 21. Calculate the remainder when 165 is divided by l(0).
18
Let b(p) = -19*p - 8. Calculate the remainder when b(-4) is divided by 24.
20
Calculate the remainder when 35 is divided by 408/32 + (-9)/12.
11
Calculate the remainder when (-259)/(-4) - (-2 + 7/4) is divided by 14.
9
Let z = -20 + 39. Suppose -4*a + 222 = -3*y, -58 = a - 2*a + 2*y. What is the remainder when a is divided by z?
16
Let n = -8 + 10. Suppose -49 = -n*q + 51. What is the remainder when q is divided by 18?
14
Suppose 2*b - 3*i = -37, 5*b - i = 5 - 117. Let z = -7 - -13. Calculate the remainder when 1/2*(-1 - b) is divided by z.
5
Let t = 155 - 142. Calculate the remainder when t is divided by 7.
6
Let z(h) = -5*h - 2. Let n be z(-2). Suppose -a = -o - 8, -3*o + n*o = 5. What is the remainder when 16 is divided by a?
7
Let o = 41 - 28. Let r = o - 0. What is the remainder when 36 is divided by r?
10
Suppose 2*u + u = 27. Let z(w) = -w**3 + 6*w**2 - 3*w + 1. Calculate the remainder when (-1)/(-3) - (-366)/u is divided by z(5).
8
Suppose 0 = 4*v - 46 - 6. Let l(s) = -s**3 + 5*s**2 + s + 2. Calculate the remainder when v is divided by l(5).
6
Let u(c) = -7*c**3 + 20*c**2 - 4*c - 19. Let j(p) = -3*p**3 + 10*p**2 - 2*p - 9. Let n(r) = -5*j(r) + 2*u(r). What is the remainder when n(10) is divided by 15?
12
Suppose -2*t = -2*f - 0 - 4, t = 3*f + 8. Let o = 10 + t. What is the remainder when 34 is divided by o?
7
Let g be 4792/18 - 10/45. Suppose 8*w - 4*b = 3*w + 343, 0 = -4*w - b + g. What is the remainder when w is divided by 17?
16
Let i(t) = -t - 2. Let p be i(-5). Suppose -3 = -3*g, -7*s + 2*s + 48 = p*g. Calculate the remainder when 1/1*-1 + 27 is divided by s.
8
Suppose -5*i = 10, -4*m + 30 = -2*m - i. Calculate the remainder when 4*(23/2 + 2) is divided by m.
12
Suppose 0*q = -2*q + 50. Suppose -45 = 3*w - 3*n, 1 + 14 = -w + 4*n. Let y = w - -28. What is the remainder when q is divided by y?
12
Suppose -63 = -5*o - 18. Calculate the remainder when 21 is divided by o.
3
Suppose o - 145 + 54 = 0. Calculate the remainder when 226/7 + (-26)/o is divided by 12.
8
Calculate the remainder when 15 is divided by (22 + 2)*2/6.
7
Suppose 4*u - 26 = -5*i, 0 = 4*u + 3*i - 1 - 21. Let a(w) = -w**2 + 40*w - 172. Calculate the remainder when u is divided by a(35).
1
Let u = -65 - -84. What is the remainder when u is divided by 3?
1
Suppose h = -4*r - 2, h + r - 3 = -2. Let q(a) = 2*a**3 + 2*a**2 + a. Calculate the remainder when q(h) is divided by 14.
12
Let l = 42 - 30. Suppose 2*k + 13 = z, 0*z - 2*k = -3*z + 55. Suppose -z = -3*u - 0. What is the remainder when l is divided by u?
5
What is the remainder when 70 is divided by (8/(-3))/(-2)*18?
22
Let l = 0 - -13. What is the remainder when 50 is divided by l?
11
Let w = -92 + 108. Calculate the remainder when w is divided by 9.
7
Suppose 2*j - 17 = 21. Calculate the remainder when j is divided by 9.
1
Suppose 3*g - 4 = -v, -g + v = 5*v - 16. Suppose -4*k + 4*q + 32 = g, -3*k - 2*q = 2 - 36. Calculate the remainder when 28 is divided by k.
8
Suppose 0 = -5*n + 7*n - 6. Let r = -9 + n. Let u = r + 22. Calculate the remainder when u is divided by 6.
4
Suppose u - 1 - 18 = 0. Let t = 91 + -54. What is the remainder when t is divided by u?
18
Let r = 101 + 43. What is the remainder when r is divided by 29?
28
Let f = -1 + 0. What is the remainder when 2/(2*f/(-67)) is divided by 14?
11
What is the remainder when 58 is divided by (-155)/(-10) - (-2)/(-4)?
13
Suppose 0 = -4*h - k + 97, 0*k - k = -5*h + 110. Calculate the remainder when 43 is divided by h.
20
Suppose -5*k + 0*k - 3*d - 40 = 0, 0 = 3*k - 4*d - 5. Let n(f) = f**2 + 3*f - 1. What is the remainder when 17 is divided by n(k)?
8
Let h be 0 - -21 - (1 - -1). Let m = h + -8. What is the remainder when 2 + -9*(-2)/1 is divided by m?
9
Let s = 69 - 48. Calculate the remainder when ((-2)/(-1) + 3)*8 is divided by s.
19
Let a(r) = -r**2 + r + 18. Calculate the remainder when a(0) is divided by 11.
7
Suppose -4*s = -4*p 